{"id":869,"date":"2022-11-10T13:28:59","date_gmt":"2022-11-10T12:28:59","guid":{"rendered":"http:\/\/www.arhns.uns.ac.rs\/int\/?page_id=869"},"modified":"2023-11-10T18:51:14","modified_gmt":"2023-11-10T17:51:14","slug":"nacrtna-geometrija","status":"publish","type":"page","link":"https:\/\/www.arhns.uns.ac.rs\/int\/nacrtna-geometrija\/","title":{"rendered":"Nacrtna geometrija"},"content":{"rendered":"<p>Cilj predmeta je\u00a0razvijanje sposobnosti prostorne vizuelizacije, prostorne imaginacije i sposobnosti re\u0161avanja problema razli\u010ditih uzajamnih prostornih odnosa odabranih geometrijskih formi na dvodimenzionom (2D) prikazu paralelnog projiciranja.<\/p>\n<p>Predmet razvija\u00a0sposobnost identifikovanja i interpretacije prostornih odnosa izu\u010denih prostornih oblika iz odgovaraju\u0107ih 2D prikaza i poznavanje njihovih geometrijskih struktura kao i sposobnost grafi\u010dkog predstavljanje izu\u010denih trodimenzionih (3D) konfiguracija na 2D medijumu.<\/p>\n<h2><a href=\"http:\/\/www.arhns.uns.ac.rs\/int\/obavestenja\/obavestenja-nacrtna-geometrija\/\">Obave\u0161tenja\u00a0vezana za Nacrtnu geometriju<\/a><\/h2>\n<p>Izvo\u0111a\u010di nastave:<\/p>\n<p>prof. dr Radovan \u0160tuli\u0107<br \/>\nradovan.stulic@gmail.com<\/p>\n<p>doc. dr Dejana Nedu\u010din<br \/>\nneducin.d@gmail.com<\/p>\n<p>doc. dr\u00a0Ivana Baj\u0161anski<br \/>\nivanabajsanski287@gmail.com<\/p>\n<p>Marko Vu\u010di\u0107<br \/>\nvucic.marko.91@gmail.com<\/p>\n<p>Jelena Ki\u0107anovi\u0107<br \/>\nkicanovicj@gmail.com<\/p>\n<p>Milo\u0161 Obradovi\u0107<br \/>\nmilos.obradovic995@gmail.com<\/p>\n<p>Jelena Pepi\u0107<br \/>\njelenapepic.ftn@gmail.com<\/p>\n<p>Dejan Bogavac<br \/>\nbogavac3de@gmail.com<\/p>\n<p>Tamara Miljkovi\u0107<br \/>\nmtamarami4@gmail.com<\/p>\n","protected":false},"excerpt":{"rendered":"<p>Cilj predmeta je\u00a0razvijanje sposobnosti prostorne vizuelizacije, prostorne imaginacije i sposobnosti re\u0161avanja problema razli\u010ditih uzajamnih prostornih odnosa odabranih geometrijskih formi na dvodimenzionom (2D) prikazu paralelnog projiciranja. Predmet razvija\u00a0sposobnost identifikovanja i interpretacije prostornih odnosa izu\u010denih prostornih oblika iz odgovaraju\u0107ih 2D prikaza i poznavanje njihovih geometrijskih struktura kao i sposobnost grafi\u010dkog predstavljanje izu\u010denih trodimenzionih (3D) konfiguracija na 2D &hellip; <\/p>\n<p class=\"link-more\"><a href=\"https:\/\/www.arhns.uns.ac.rs\/int\/nacrtna-geometrija\/\" class=\"more-link\">Continue reading<span class=\"screen-reader-text\"> &#8220;Nacrtna geometrija&#8221;<\/span><\/a><\/p>\n","protected":false},"author":5,"featured_media":0,"parent":0,"menu_order":0,"comment_status":"closed","ping_status":"closed","template":"","meta":{"footnotes":""},"class_list":["post-869","page","type-page","status-publish","hentry"],"_links":{"self":[{"href":"https:\/\/www.arhns.uns.ac.rs\/int\/wp-json\/wp\/v2\/pages\/869","targetHints":{"allow":["GET"]}}],"collection":[{"href":"https:\/\/www.arhns.uns.ac.rs\/int\/wp-json\/wp\/v2\/pages"}],"about":[{"href":"https:\/\/www.arhns.uns.ac.rs\/int\/wp-json\/wp\/v2\/types\/page"}],"author":[{"embeddable":true,"href":"https:\/\/www.arhns.uns.ac.rs\/int\/wp-json\/wp\/v2\/users\/5"}],"replies":[{"embeddable":true,"href":"https:\/\/www.arhns.uns.ac.rs\/int\/wp-json\/wp\/v2\/comments?post=869"}],"version-history":[{"count":9,"href":"https:\/\/www.arhns.uns.ac.rs\/int\/wp-json\/wp\/v2\/pages\/869\/revisions"}],"predecessor-version":[{"id":1389,"href":"https:\/\/www.arhns.uns.ac.rs\/int\/wp-json\/wp\/v2\/pages\/869\/revisions\/1389"}],"wp:attachment":[{"href":"https:\/\/www.arhns.uns.ac.rs\/int\/wp-json\/wp\/v2\/media?parent=869"}],"curies":[{"name":"wp","href":"https:\/\/api.w.org\/{rel}","templated":true}]}}