{"id":212,"date":"2016-11-08T11:28:53","date_gmt":"2016-11-08T10:28:53","guid":{"rendered":"http:\/\/www.arhns.uns.ac.rs\/int\/?page_id=212"},"modified":"2022-11-14T12:47:00","modified_gmt":"2022-11-14T11:47:00","slug":"maketarstvo-studentski-radovi","status":"publish","type":"page","link":"https:\/\/www.arhns.uns.ac.rs\/int\/studentski-radovi\/maketarstvo-studentski-radovi\/","title":{"rendered":"Studentski radovi &#8211; Maketarstvo"},"content":{"rendered":"<div id=\"pl-212\"  class=\"panel-layout\" ><div id=\"pg-212-0\"  class=\"panel-grid panel-no-style\" ><div id=\"pgc-212-0-0\"  class=\"panel-grid-cell\" ><div id=\"panel-212-0-0-0\" class=\"so-panel widget widget_sow-editor panel-first-child panel-last-child\" data-index=\"0\" ><div class=\"panel-widget-style panel-widget-style-for-212-0-0-0\" ><div\n\t\t\t\n\t\t\tclass=\"so-widget-sow-editor so-widget-sow-editor-base\"\n\t\t\t\n\t\t><h3 class=\"widget-title\">Maketarstvo<\/h3>\n<div class=\"siteorigin-widget-tinymce textwidget\">\n\t<div id=\"m_-4309390190003897571yui_3_16_0_ym19_1_1491286342434_9403\"><span id=\"m_-4309390190003897571yui_3_16_0_ym19_1_1491286342434_9404\">Maketarstvo je izborni predmet na drugoj godini studija arhitekture.\u00a0 U okviru predmeta, studenti se upoznaju sa razli\u010ditim tehnikama, ciljevima i na<\/span><span id=\"m_-4309390190003897571yui_3_16_0_ym19_1_1491286342434_9405\" lang=\"SR-LATN-RS\">\u010dinima<\/span><span id=\"m_-4309390190003897571yui_3_16_0_ym19_1_1491286342434_9406\"> izrade maketa u arhitekturi i urbanizmu. Istovremeno, kroz prakti\u010dan rad na dva zadatka sti\u010du osnovne ve\u0161tine izrade maketa sa dva razli\u010dita cilja\/ishoda. Cilj prvog zadatka je izrada finalne prezentacione makete datog arhitektonskog\/urbanisti\u010dkog re\u0161enja. Studentski rad nastao u periodu 2011-2016 koji je za cilj imao izradu <\/span>urbane matrice istorijskog jezgra Novog Sada<span id=\"m_-4309390190003897571yui_3_16_0_ym19_1_1491286342434_9686\">, nagradjen je Velikom nagradom 25. medjunarodnog salona urbanizma u Sremskoj Mitrovici 2016. godine. Drugi na\u010din primene maketa u arhitekturi ti\u010de se istra\u017eivanje arhitektonskih formi i uloge materijala u <\/span><span id=\"m_-4309390190003897571yui_3_16_0_ym19_1_1491286342434_9829\"><span id=\"m_-4309390190003897571yui_3_16_0_ym19_1_1491286342434_9828\">konceptualnim fazama procesa projektovanja<\/span><\/span>, \u0161to je tema i cilj drugog zadatka. \u00a0\u00a0<\/div>\n<div id=\"m_-4309390190003897571yui_3_16_0_ym19_1_1491286342434_9055\"><span style=\"color: #000000;\">\u00a0<\/span><\/div>\n<p><span id=\"m_-4309390190003897571yui_3_16_0_ym19_1_1491286342434_9409\">Predmet maketarstvo je komplementaran sa predmetom <\/span><a href=\"http:\/\/www.arhns.uns.ac.rs\/digital\/digitalna-fabrikacija\/\"><span id=\"m_-4309390190003897571yui_3_16_0_ym19_1_1491286342434_9747\"><span id=\"m_-4309390190003897571yui_3_16_0_ym19_1_1491286342434_9746\">Digitalna fabrikacija<\/span><\/span><\/a><span id=\"m_-4309390190003897571yui_3_16_0_ym19_1_1491286342434_9720\"> na master kursu <\/span><a href=\"http:\/\/www.arhns.uns.ac.rs\/digital\/\">Digitalne tehnike dizajn i produkcije u arhitekturi<\/a>.<\/p>\n<\/div>\n<\/div><\/div><\/div><\/div><\/div><div id=\"pg-212-1\"  class=\"panel-grid panel-no-style\" ><div id=\"pgc-212-1-0\"  class=\"panel-grid-cell\" ><div id=\"panel-212-1-0-0\" class=\"so-panel widget widget_sow-image panel-first-child panel-last-child\" data-index=\"1\" ><div\n\t\t\t\n\t\t\tclass=\"so-widget-sow-image so-widget-sow-image-default-8b5b6f678277-212\"\n\t\t\t\n\t\t><h3 class=\"widget-title\">Prezentacione makete<\/h3>\n<div class=\"sow-image-container\">\n\t\t\t<a href=\"http:\/\/www.arhns.uns.ac.rs\/int\/maketarstvo\/studentski-radovi-maketarstvo\/\"\n\t\t\t\t\t>\n\t\t\t<img loading=\"lazy\" decoding=\"async\" src=\"https:\/\/www.arhns.uns.ac.rs\/int\/wp-content\/uploads\/2016\/11\/5-272x182.jpg\" width=\"272\" height=\"182\" sizes=\"auto, (max-width: 272px) 100vw, 272px\" title=\"Prezentacione makete\" alt=\"\" \t\tclass=\"so-widget-image\"\/>\n\t<\/a><\/div>\n\n<\/div><\/div><\/div><div id=\"pgc-212-1-1\"  class=\"panel-grid-cell\" ><div id=\"panel-212-1-1-0\" class=\"so-panel widget widget_sow-image panel-first-child panel-last-child\" data-index=\"2\" ><div\n\t\t\t\n\t\t\tclass=\"so-widget-sow-image so-widget-sow-image-default-8b5b6f678277-212\"\n\t\t\t\n\t\t><h3 class=\"widget-title\">Istra\u017eiva\u010dke makete<\/h3>\n<div class=\"sow-image-container\">\n\t\t\t<a href=\"http:\/\/www.arhns.uns.ac.rs\/int\/istrazivacke-makete\/\"\n\t\t\t\t\t>\n\t\t\t<img loading=\"lazy\" decoding=\"async\" src=\"https:\/\/www.arhns.uns.ac.rs\/int\/wp-content\/uploads\/2017\/06\/DSC08957a-272x182.jpg\" width=\"272\" height=\"182\" sizes=\"auto, (max-width: 272px) 100vw, 272px\" title=\"Istra\u017eiva\u010dke makete\" alt=\"\" \t\tclass=\"so-widget-image\"\/>\n\t<\/a><\/div>\n\n<\/div><\/div><\/div><\/div><\/div>","protected":false},"excerpt":{"rendered":"<p>Maketarstvo je izborni predmet na drugoj godini studija arhitekture.\u00a0 U okviru predmeta, studenti se upoznaju sa razli\u010ditim tehnikama, ciljevima i na\u010dinima izrade maketa u arhitekturi i urbanizmu. Istovremeno, kroz prakti\u010dan rad na dva zadatka sti\u010du osnovne ve\u0161tine izrade maketa sa dva razli\u010dita cilja\/ishoda. Cilj prvog zadatka je izrada finalne prezentacione makete datog arhitektonskog\/urbanisti\u010dkog re\u0161enja. Studentski &hellip; <\/p>\n<p class=\"link-more\"><a href=\"https:\/\/www.arhns.uns.ac.rs\/int\/studentski-radovi\/maketarstvo-studentski-radovi\/\" class=\"more-link\">Continue reading<span class=\"screen-reader-text\"> &#8220;Studentski radovi &#8211; Maketarstvo&#8221;<\/span><\/a><\/p>\n","protected":false},"author":5,"featured_media":402,"parent":886,"menu_order":0,"comment_status":"closed","ping_status":"open","template":"","meta":{"footnotes":""},"class_list":["post-212","page","type-page","status-publish","has-post-thumbnail","hentry"],"_links":{"self":[{"href":"https:\/\/www.arhns.uns.ac.rs\/int\/wp-json\/wp\/v2\/pages\/212","targetHints":{"allow":["GET"]}}],"collection":[{"href":"https:\/\/www.arhns.uns.ac.rs\/int\/wp-json\/wp\/v2\/pages"}],"about":[{"href":"https:\/\/www.arhns.uns.ac.rs\/int\/wp-json\/wp\/v2\/types\/page"}],"author":[{"embeddable":true,"href":"https:\/\/www.arhns.uns.ac.rs\/int\/wp-json\/wp\/v2\/users\/5"}],"replies":[{"embeddable":true,"href":"https:\/\/www.arhns.uns.ac.rs\/int\/wp-json\/wp\/v2\/comments?post=212"}],"version-history":[{"count":11,"href":"https:\/\/www.arhns.uns.ac.rs\/int\/wp-json\/wp\/v2\/pages\/212\/revisions"}],"predecessor-version":[{"id":891,"href":"https:\/\/www.arhns.uns.ac.rs\/int\/wp-json\/wp\/v2\/pages\/212\/revisions\/891"}],"up":[{"embeddable":true,"href":"https:\/\/www.arhns.uns.ac.rs\/int\/wp-json\/wp\/v2\/pages\/886"}],"wp:featuredmedia":[{"embeddable":true,"href":"https:\/\/www.arhns.uns.ac.rs\/int\/wp-json\/wp\/v2\/media\/402"}],"wp:attachment":[{"href":"https:\/\/www.arhns.uns.ac.rs\/int\/wp-json\/wp\/v2\/media?parent=212"}],"curies":[{"name":"wp","href":"https:\/\/api.w.org\/{rel}","templated":true}]}}