{"id":819,"date":"2015-09-16T10:22:14","date_gmt":"2015-09-16T10:22:14","guid":{"rendered":"http:\/\/www.arhns.uns.ac.rs\/digital\/?page_id=819"},"modified":"2024-06-12T11:32:12","modified_gmt":"2024-06-12T10:32:12","slug":"zasto-upisati-master-studije-dtdp","status":"publish","type":"page","link":"https:\/\/www.arhns.uns.ac.rs\/digital\/zasto-upisati-master-studije-dtdp\/","title":{"rendered":"Za\u0161to upisati master studije DTDP?"},"content":{"rendered":"<p>Rapidan razvoj digitalnih tehnologija u oblasti arhitekture, urbanizma i dizajna uslovio je veliku potrebu za stru\u010dnjacima koji svoju kreativnost ispoljavaju na vi\u0161em nivou i rezultate ostvaruju br\u017ee i kvalitetnije kori\u0161\u0107enjem naprednih digitalnih alata i tehnologija.<br \/>\nOvi moduli su jedini studijski programi u regionu koji u potpunosti omogu\u0107avaju studentima specijalizaciju iz oblasti digitalnog dizajna, arhitektonske vizuelizacije i digitalne fabrikacije\/produkcije.<\/p>\n<p>&nbsp;<\/p>\n","protected":false},"excerpt":{"rendered":"<p>Rapidan razvoj digitalnih tehnologija u oblasti arhitekture, urbanizma i dizajna uslovio je veliku potrebu za stru\u010dnjacima koji svoju kreativnost ispoljavaju na vi\u0161em nivou i rezultate ostvaruju br\u017ee i kvalitetnije kori\u0161\u0107enjem naprednih digitalnih alata i tehnologija. Ovi moduli su jedini studijski<\/p>\n","protected":false},"author":4,"featured_media":0,"parent":0,"menu_order":0,"comment_status":"closed","ping_status":"open","template":"","meta":{"footnotes":""},"class_list":["post-819","page","type-page","status-publish","hentry"],"yoast_head":"<!-- This site is optimized with the Yoast SEO plugin v24.7 - https:\/\/yoast.com\/wordpress\/plugins\/seo\/ -->\n<title>Za\u0161to upisati master studije DTDP? - Digital Techniques, Design and Production in Architecture and Urbanism<\/title>\n<meta name=\"robots\" content=\"index, follow, max-snippet:-1, max-image-preview:large, max-video-preview:-1\" \/>\n<link rel=\"canonical\" href=\"http:\/\/www.arhns.uns.ac.rs\/digital\/sr\/zasto-upisati-master-studije-dtdp\/\" \/>\n<meta property=\"og:locale\" content=\"en_US\" \/>\n<meta property=\"og:type\" content=\"article\" \/>\n<meta property=\"og:title\" content=\"Za\u0161to upisati master studije DTDP? - Digital Techniques, Design and Production in Architecture and Urbanism\" \/>\n<meta property=\"og:description\" content=\"Rapidan razvoj digitalnih tehnologija u oblasti arhitekture, urbanizma i dizajna uslovio je veliku potrebu za stru\u010dnjacima koji svoju kreativnost ispoljavaju na vi\u0161em nivou i rezultate ostvaruju br\u017ee i kvalitetnije kori\u0161\u0107enjem naprednih digitalnih alata i tehnologija. Ovi moduli su jedini studijski\" \/>\n<meta property=\"og:url\" content=\"http:\/\/www.arhns.uns.ac.rs\/digital\/sr\/zasto-upisati-master-studije-dtdp\/\" \/>\n<meta property=\"og:site_name\" content=\"Digital Techniques, Design and Production in Architecture and Urbanism\" \/>\n<meta property=\"article:modified_time\" content=\"2024-06-12T10:32:12+00:00\" \/>\n<meta name=\"twitter:card\" content=\"summary_large_image\" \/>\n<script type=\"application\/ld+json\" class=\"yoast-schema-graph\">{\"@context\":\"https:\/\/schema.org\",\"@graph\":[{\"@type\":\"WebPage\",\"@id\":\"http:\/\/www.arhns.uns.ac.rs\/digital\/sr\/zasto-upisati-master-studije-dtdp\/\",\"url\":\"http:\/\/www.arhns.uns.ac.rs\/digital\/sr\/zasto-upisati-master-studije-dtdp\/\",\"name\":\"Za\u0161to upisati master studije DTDP? - Digital Techniques, Design and Production in Architecture and Urbanism\",\"isPartOf\":{\"@id\":\"http:\/\/www.arhns.uns.ac.rs\/digital\/#website\"},\"datePublished\":\"2015-09-16T10:22:14+00:00\",\"dateModified\":\"2024-06-12T10:32:12+00:00\",\"breadcrumb\":{\"@id\":\"http:\/\/www.arhns.uns.ac.rs\/digital\/sr\/zasto-upisati-master-studije-dtdp\/#breadcrumb\"},\"inLanguage\":\"en-US\",\"potentialAction\":[{\"@type\":\"ReadAction\",\"target\":[\"http:\/\/www.arhns.uns.ac.rs\/digital\/sr\/zasto-upisati-master-studije-dtdp\/\"]}]},{\"@type\":\"BreadcrumbList\",\"@id\":\"http:\/\/www.arhns.uns.ac.rs\/digital\/sr\/zasto-upisati-master-studije-dtdp\/#breadcrumb\",\"itemListElement\":[{\"@type\":\"ListItem\",\"position\":1,\"name\":\"Home\",\"item\":\"http:\/\/www.arhns.uns.ac.rs\/digital\/sr\/o-master-kursu\/\"},{\"@type\":\"ListItem\",\"position\":2,\"name\":\"Za\u0161to upisati master studije DTDP?\"}]},{\"@type\":\"WebSite\",\"@id\":\"http:\/\/www.arhns.uns.ac.rs\/digital\/#website\",\"url\":\"http:\/\/www.arhns.uns.ac.rs\/digital\/\",\"name\":\"Digital Techniques, Design and Production in Architecture and Urbanism\",\"description\":\"Department for Architecture and Urbanism | Departman za arhitekturu i urbanizam\",\"potentialAction\":[{\"@type\":\"SearchAction\",\"target\":{\"@type\":\"EntryPoint\",\"urlTemplate\":\"http:\/\/www.arhns.uns.ac.rs\/digital\/?s={search_term_string}\"},\"query-input\":{\"@type\":\"PropertyValueSpecification\",\"valueRequired\":true,\"valueName\":\"search_term_string\"}}],\"inLanguage\":\"en-US\"}]}<\/script>\n<!-- \/ Yoast SEO plugin. -->","yoast_head_json":{"title":"Za\u0161to upisati master studije DTDP? - Digital Techniques, Design and Production in Architecture and Urbanism","robots":{"index":"index","follow":"follow","max-snippet":"max-snippet:-1","max-image-preview":"max-image-preview:large","max-video-preview":"max-video-preview:-1"},"canonical":"http:\/\/www.arhns.uns.ac.rs\/digital\/sr\/zasto-upisati-master-studije-dtdp\/","og_locale":"en_US","og_type":"article","og_title":"Za\u0161to upisati master studije DTDP? - Digital Techniques, Design and Production in Architecture and Urbanism","og_description":"Rapidan razvoj digitalnih tehnologija u oblasti arhitekture, urbanizma i dizajna uslovio je veliku potrebu za stru\u010dnjacima koji svoju kreativnost ispoljavaju na vi\u0161em nivou i rezultate ostvaruju br\u017ee i kvalitetnije kori\u0161\u0107enjem naprednih digitalnih alata i tehnologija. Ovi moduli su jedini studijski","og_url":"http:\/\/www.arhns.uns.ac.rs\/digital\/sr\/zasto-upisati-master-studije-dtdp\/","og_site_name":"Digital Techniques, Design and Production in Architecture and Urbanism","article_modified_time":"2024-06-12T10:32:12+00:00","twitter_card":"summary_large_image","schema":{"@context":"https:\/\/schema.org","@graph":[{"@type":"WebPage","@id":"http:\/\/www.arhns.uns.ac.rs\/digital\/sr\/zasto-upisati-master-studije-dtdp\/","url":"http:\/\/www.arhns.uns.ac.rs\/digital\/sr\/zasto-upisati-master-studije-dtdp\/","name":"Za\u0161to upisati master studije DTDP? - Digital Techniques, Design and Production in Architecture and Urbanism","isPartOf":{"@id":"http:\/\/www.arhns.uns.ac.rs\/digital\/#website"},"datePublished":"2015-09-16T10:22:14+00:00","dateModified":"2024-06-12T10:32:12+00:00","breadcrumb":{"@id":"http:\/\/www.arhns.uns.ac.rs\/digital\/sr\/zasto-upisati-master-studije-dtdp\/#breadcrumb"},"inLanguage":"en-US","potentialAction":[{"@type":"ReadAction","target":["http:\/\/www.arhns.uns.ac.rs\/digital\/sr\/zasto-upisati-master-studije-dtdp\/"]}]},{"@type":"BreadcrumbList","@id":"http:\/\/www.arhns.uns.ac.rs\/digital\/sr\/zasto-upisati-master-studije-dtdp\/#breadcrumb","itemListElement":[{"@type":"ListItem","position":1,"name":"Home","item":"http:\/\/www.arhns.uns.ac.rs\/digital\/sr\/o-master-kursu\/"},{"@type":"ListItem","position":2,"name":"Za\u0161to upisati master studije DTDP?"}]},{"@type":"WebSite","@id":"http:\/\/www.arhns.uns.ac.rs\/digital\/#website","url":"http:\/\/www.arhns.uns.ac.rs\/digital\/","name":"Digital Techniques, Design and Production in Architecture and Urbanism","description":"Department for Architecture and Urbanism | Departman za arhitekturu i urbanizam","potentialAction":[{"@type":"SearchAction","target":{"@type":"EntryPoint","urlTemplate":"http:\/\/www.arhns.uns.ac.rs\/digital\/?s={search_term_string}"},"query-input":{"@type":"PropertyValueSpecification","valueRequired":true,"valueName":"search_term_string"}}],"inLanguage":"en-US"}]}},"_links":{"self":[{"href":"https:\/\/www.arhns.uns.ac.rs\/digital\/wp-json\/wp\/v2\/pages\/819","targetHints":{"allow":["GET"]}}],"collection":[{"href":"https:\/\/www.arhns.uns.ac.rs\/digital\/wp-json\/wp\/v2\/pages"}],"about":[{"href":"https:\/\/www.arhns.uns.ac.rs\/digital\/wp-json\/wp\/v2\/types\/page"}],"author":[{"embeddable":true,"href":"https:\/\/www.arhns.uns.ac.rs\/digital\/wp-json\/wp\/v2\/users\/4"}],"replies":[{"embeddable":true,"href":"https:\/\/www.arhns.uns.ac.rs\/digital\/wp-json\/wp\/v2\/comments?post=819"}],"version-history":[{"count":4,"href":"https:\/\/www.arhns.uns.ac.rs\/digital\/wp-json\/wp\/v2\/pages\/819\/revisions"}],"predecessor-version":[{"id":1911,"href":"https:\/\/www.arhns.uns.ac.rs\/digital\/wp-json\/wp\/v2\/pages\/819\/revisions\/1911"}],"wp:attachment":[{"href":"https:\/\/www.arhns.uns.ac.rs\/digital\/wp-json\/wp\/v2\/media?parent=819"}],"curies":[{"name":"wp","href":"https:\/\/api.w.org\/{rel}","templated":true}]}}