{"id":1857,"date":"2023-02-26T15:00:32","date_gmt":"2023-02-26T14:00:32","guid":{"rendered":"http:\/\/www.arhns.uns.ac.rs\/digital\/?page_id=1857"},"modified":"2023-02-26T15:01:16","modified_gmt":"2023-02-26T14:01:16","slug":"napredne-bim-tehnologije","status":"publish","type":"page","link":"https:\/\/www.arhns.uns.ac.rs\/digital\/predmeti\/napredne-bim-tehnologije\/","title":{"rendered":"Napredne BIM tehnologije"},"content":{"rendered":"<div>Predmet Napredne\u00a0<span class=\"il\">BIM<\/span>\u00a0tehnologije bavi se teorijskim izu\u010davanjem i prakti\u010dnim kori\u0161\u0107enjem\u00a0<span class=\"il\">BIM<\/span>\u00a0tehnologije u savremenoj arhitektonskoj praksi. Na predmetu se rade alati kao \u0161to su Autodesk Revit u kontekstu pripreme radova za napredne analize i plug-inovi Dynamo i Grasshopper u vidu kontrole parametara informacija. Pored ovih softvera na predmetu se studenti upoznaju sa poluautomatizovanim re\u0161enjima predmera i predra\u010duna uz rad u Bexel Manager programu.<\/div>\n<div>\n<p>Predmetni nastavnik: Dr Marko Lazi\u0107<\/p>\n<p><style type=\"text\/css\" scoped>.rbs_gallery_69d0f9dd96dd5Spinner{\r\n\t\t\t\tmargin: 50px auto;\r\n\t\t\t\twidth: 50px;\r\n\t\t\t\theight: 40px;\r\n\t\t\t\ttext-align: center;\r\n\t\t\t\tfont-size: 10px;\r\n\t\t\t}\r\n\t\t\t.rbs_gallery_69d0f9dd96dd5Spinner > div{\r\n\t\t\t  background-color: #333;\r\n\t\t\t  height: 100%;\r\n\t\t\t  width: 6px;\r\n\t\t\t  display: inline-block;\r\n\t\t\t  -webkit-animation: rbs_gallery_69d0f9dd96dd5-stretchdelay 1.2s infinite ease-in-out;\r\n\t\t\t  animation: rbs_gallery_69d0f9dd96dd5-stretchdelay 1.2s infinite ease-in-out;\r\n\t\t\t}\r\n\t\t\t.rbs_gallery_69d0f9dd96dd5Spinner .rbs_gallery_69d0f9dd96dd5Rect2 {\r\n\t\t\t  -webkit-animation-delay: -1.1s;\r\n\t\t\t  animation-delay: -1.1s;\r\n\t\t\t}\r\n\t\t\t.rbs_gallery_69d0f9dd96dd5Spinner .rbs_gallery_69d0f9dd96dd5Rect3 {\r\n\t\t\t  -webkit-animation-delay: -1.0s;\r\n\t\t\t  animation-delay: -1.0s;\r\n\t\t\t}\r\n\t\t\t.rbs_gallery_69d0f9dd96dd5Spinner .rbs_gallery_69d0f9dd96dd5Rect4 {\r\n\t\t\t  -webkit-animation-delay: -0.9s;\r\n\t\t\t  animation-delay: -0.9s;\r\n\t\t\t}\r\n\t\t\t.rbs_gallery_69d0f9dd96dd5Spinner .rbs_gallery_69d0f9dd96dd5Rect5 {\r\n\t\t\t  -webkit-animation-delay: -0.8s;\r\n\t\t\t  animation-delay: -0.8s;\r\n\t\t\t}\r\n\t\t\t@-webkit-keyframes rbs_gallery_69d0f9dd96dd5-stretchdelay {\r\n\t\t\t  0%, 40%, 100% { -webkit-transform: scaleY(0.4) }  \r\n\t\t\t  20% { -webkit-transform: scaleY(1.0) }\r\n\t\t\t}\r\n\t\t\t@keyframes rbs_gallery_69d0f9dd96dd5-stretchdelay {\r\n\t\t\t  0%, 40%, 100% { \r\n\t\t\t    transform: scaleY(0.4);\r\n\t\t\t    -webkit-transform: scaleY(0.4);\r\n\t\t\t  }  20% { \r\n\t\t\t    transform: scaleY(1.0);\r\n\t\t\t    -webkit-transform: scaleY(1.0);\r\n\t\t\t  }\r\n\t\t\t}\r\n\t\t<\/style><div class=\"robo-gallery-wrap robo-gallery-wrap-id1823 robo-gallery-\" ><div id=\"rbs_gallery_69d0f9dd96dd5-block-loader\" class=\"rbs_gallery_69d0f9dd96dd5Spinner\"><div class=\"rbs_gallery_69d0f9dd96dd5Rect1\"><\/div> <div class=\"rbs_gallery_69d0f9dd96dd5Rect2\"><\/div> <div class=\"rbs_gallery_69d0f9dd96dd5Rect3\"><\/div> <div class=\"rbs_gallery_69d0f9dd96dd5Rect4\"><\/div> <div class=\"rbs_gallery_69d0f9dd96dd5Rect5\"><\/div><\/div><div class=\"rbs_gallery_button \" id=\"rbs_gallery_69d0f9dd96dd5filter\" style=\" display: none;\" ><a class=\"button button-border-caution button-small  \" href=\"#\" data-filter=\".category1823\">Napredne BIM tehnologije<\/a><\/div><div id=\"robo_gallery_main_block_rbs_gallery_69d0f9dd96dd5\" class=\"robogallery-gallery-1823\" style=\"width:100%;;  display: none;\"><div id=\"rbs_gallery_69d0f9dd96dd5\" data-options=\"rbs_gallery_69d0f9dd96dd5\" style=\"width:100%;\" class=\"robo_gallery  \"><div class=\"rbs-img  category1823 \" ><div class=\"rbs-img-image   rbs-lightbox \" ><div class=\"rbs-img-thumbs\"  data-thumbnail=\"https:\/\/www.arhns.uns.ac.rs\/digital\/wp-content\/uploads\/2023\/02\/PLAKAT-tomic-212x300.jpg\"  title=\"PLAKAT tomic\"  data-width=\"212\"  data-height=\"300\" ><\/div><div class=\"rbs-img-data-popup\"  data-popup=\"https:\/\/www.arhns.uns.ac.rs\/digital\/wp-content\/uploads\/2023\/02\/PLAKAT-tomic.jpg\"  title=\"\" ><\/div><div class=\"thumbnail-overlay\"><div class=\"rbsIcons\"><i class=\"fa fa-search-plus rbsZoomIcon \" ><\/i><\/div><\/div><\/div><\/div><div class=\"rbs-img  category1823 \" ><div class=\"rbs-img-image   rbs-lightbox \" ><div class=\"rbs-img-thumbs\"  data-thumbnail=\"https:\/\/www.arhns.uns.ac.rs\/digital\/wp-content\/uploads\/2023\/02\/Danilo-Mitrovic-Plakat-124x300.jpg\"  title=\"Danilo Mitrovic - Plakat\"  data-width=\"124\"  data-height=\"300\" ><\/div><div class=\"rbs-img-data-popup\"  data-popup=\"https:\/\/www.arhns.uns.ac.rs\/digital\/wp-content\/uploads\/2023\/02\/Danilo-Mitrovic-Plakat.jpg\"  title=\"\" ><\/div><div class=\"thumbnail-overlay\"><div class=\"rbsIcons\"><i class=\"fa fa-search-plus rbsZoomIcon \" ><\/i><\/div><\/div><\/div><\/div><div class=\"rbs-img  category1823 \" ><div class=\"rbs-img-image   rbs-lightbox \" ><div class=\"rbs-img-thumbs\"  data-thumbnail=\"https:\/\/www.arhns.uns.ac.rs\/digital\/wp-content\/uploads\/2023\/02\/Plakat-Ina-Pasis-A7-42-2021-212x300.jpg\"  title=\"Plakat - Ina Pasis A7 42-2021\"  data-width=\"212\"  data-height=\"300\" ><\/div><div class=\"rbs-img-data-popup\"  data-popup=\"https:\/\/www.arhns.uns.ac.rs\/digital\/wp-content\/uploads\/2023\/02\/Plakat-Ina-Pasis-A7-42-2021.jpg\"  title=\"\" ><\/div><div class=\"thumbnail-overlay\"><div class=\"rbsIcons\"><i class=\"fa fa-search-plus rbsZoomIcon \" ><\/i><\/div><\/div><\/div><\/div><div class=\"rbs-img  category1823 \" ><div class=\"rbs-img-image   rbs-lightbox \" ><div class=\"rbs-img-thumbs\"  data-thumbnail=\"https:\/\/www.arhns.uns.ac.rs\/digital\/wp-content\/uploads\/2023\/02\/Plakat1-300x249.jpg\"  title=\"Plakat1\"  data-width=\"300\"  data-height=\"249\" ><\/div><div class=\"rbs-img-data-popup\"  data-popup=\"https:\/\/www.arhns.uns.ac.rs\/digital\/wp-content\/uploads\/2023\/02\/Plakat1.jpg\"  title=\"\" ><\/div><div class=\"thumbnail-overlay\"><div class=\"rbsIcons\"><i class=\"fa fa-search-plus rbsZoomIcon \" ><\/i><\/div><\/div><\/div><\/div><div class=\"rbs-img  category1823 \" ><div class=\"rbs-img-image   rbs-lightbox \" ><div class=\"rbs-img-thumbs\"  data-thumbnail=\"https:\/\/www.arhns.uns.ac.rs\/digital\/wp-content\/uploads\/2023\/02\/Sladjan-Loncar-212x300.jpg\"  title=\"Adobe Photoshop PDF\"  data-width=\"212\"  data-height=\"300\" ><\/div><div class=\"rbs-img-data-popup\"  data-popup=\"https:\/\/www.arhns.uns.ac.rs\/digital\/wp-content\/uploads\/2023\/02\/Sladjan-Loncar.jpg\"  title=\"\" ><\/div><div class=\"thumbnail-overlay\"><div class=\"rbsIcons\"><i class=\"fa fa-search-plus rbsZoomIcon \" ><\/i><\/div><\/div><\/div><\/div><div class=\"rbs-img  category1823 \" ><div class=\"rbs-img-image   rbs-lightbox \" ><div class=\"rbs-img-thumbs\"  data-thumbnail=\"https:\/\/www.arhns.uns.ac.rs\/digital\/wp-content\/uploads\/2023\/02\/plakat-169x300.jpg\"  title=\"plakat\"  data-width=\"169\"  data-height=\"300\" ><\/div><div class=\"rbs-img-data-popup\"  data-popup=\"https:\/\/www.arhns.uns.ac.rs\/digital\/wp-content\/uploads\/2023\/02\/plakat.jpg\"  title=\"\" ><\/div><div class=\"thumbnail-overlay\"><div class=\"rbsIcons\"><i class=\"fa fa-search-plus rbsZoomIcon \" ><\/i><\/div><\/div><\/div><\/div><div class=\"rbs-img  category1823 \" ><div class=\"rbs-img-image   rbs-lightbox \" ><div class=\"rbs-img-thumbs\"  data-thumbnail=\"https:\/\/www.arhns.uns.ac.rs\/digital\/wp-content\/uploads\/2023\/02\/Anja_Pilipovic_plakat-212x300.jpg\"  title=\"Anja_Pilipovic_plakat\"  data-width=\"212\"  data-height=\"300\" ><\/div><div class=\"rbs-img-data-popup\"  data-popup=\"https:\/\/www.arhns.uns.ac.rs\/digital\/wp-content\/uploads\/2023\/02\/Anja_Pilipovic_plakat.jpg\"  title=\"\" ><\/div><div class=\"thumbnail-overlay\"><div class=\"rbsIcons\"><i class=\"fa fa-search-plus rbsZoomIcon \" ><\/i><\/div><\/div><\/div><\/div><\/div><\/div><\/div><script>var rbs_gallery_69d0f9dd96dd5 = {\"version\":\"3.2.24\",\"id\":1823,\"class\":\"id1823\",\"roboGalleryDelay\":1000,\"mainContainer\":\"#robo_gallery_main_block_rbs_gallery_69d0f9dd96dd5\",\"loadingContainer\":\"#rbs_gallery_69d0f9dd96dd5-block-loader\",\"loadingContainerObj\":\"rbs_gallery_69d0f9dd96dd5-block-loader\",\"columnWidth\":\"auto\",\"columns\":3,\"resolutions\":[{\"columnWidth\":\"auto\",\"columns\":3,\"maxWidth\":960},{\"columnWidth\":\"auto\",\"columns\":2,\"maxWidth\":650},{\"columnWidth\":\"auto\",\"columns\":5,\"maxWidth\":450}],\"hideTitle\":true,\"lightboxOptions\":{\"gallery\":{\"enabled\":true,\"tCounter\":\"%curr%  of  %total%\"}},\"overlayEffect\":\"direction-aware-fade\",\"boxesToLoadStart\":12,\"boxesToLoad\":8,\"LoadingWord\":\"Loading...\",\"loadMoreWord\":\"Load More\",\"noMoreEntriesWord\":\"No More Entries\",\"horizontalSpaceBetweenBoxes\":15,\"verticalSpaceBetweenBoxes\":15,\"lazyLoad\":1,\"wrapContainer\":\"#robo-gallery-wrap-rbs_gallery_69d0f9dd96dd5\",\"filterContainer\":\"#rbs_gallery_69d0f9dd96dd5filter\",\"loadMoreClass\":\"button-border-caution button-small \"};<\/script><\/p>\n<\/div>\n","protected":false},"excerpt":{"rendered":"<p>Predmet Napredne\u00a0BIM\u00a0tehnologije bavi se teorijskim izu\u010davanjem i prakti\u010dnim kori\u0161\u0107enjem\u00a0BIM\u00a0tehnologije u savremenoj arhitektonskoj praksi. Na predmetu se rade alati kao \u0161to su Autodesk Revit u kontekstu pripreme radova za napredne analize i plug-inovi Dynamo i Grasshopper u vidu kontrole parametara informacija.<\/p>\n","protected":false},"author":4,"featured_media":0,"parent":379,"menu_order":0,"comment_status":"closed","ping_status":"closed","template":"","meta":{"footnotes":""},"class_list":["post-1857","page","type-page","status-publish","hentry"],"yoast_head":"<!-- This site is optimized with the Yoast SEO plugin v24.7 - https:\/\/yoast.com\/wordpress\/plugins\/seo\/ -->\n<title>Napredne BIM tehnologije - Digital Techniques, Design and Production in Architecture and Urbanism<\/title>\n<meta name=\"robots\" content=\"index, follow, max-snippet:-1, max-image-preview:large, max-video-preview:-1\" \/>\n<link rel=\"canonical\" href=\"https:\/\/www.arhns.uns.ac.rs\/digital\/sr\/predmeti\/napredne-bim-tehnologije\/\" \/>\n<meta property=\"og:locale\" content=\"en_US\" \/>\n<meta property=\"og:type\" content=\"article\" \/>\n<meta property=\"og:title\" content=\"Napredne BIM tehnologije - Digital Techniques, Design and Production in Architecture and Urbanism\" \/>\n<meta property=\"og:description\" content=\"Predmet Napredne\u00a0BIM\u00a0tehnologije bavi se teorijskim izu\u010davanjem i prakti\u010dnim kori\u0161\u0107enjem\u00a0BIM\u00a0tehnologije u savremenoj arhitektonskoj praksi. Na predmetu se rade alati kao \u0161to su Autodesk Revit u kontekstu pripreme radova za napredne analize i plug-inovi Dynamo i Grasshopper u vidu kontrole parametara informacija.\" \/>\n<meta property=\"og:url\" content=\"https:\/\/www.arhns.uns.ac.rs\/digital\/sr\/predmeti\/napredne-bim-tehnologije\/\" \/>\n<meta property=\"og:site_name\" content=\"Digital Techniques, Design and Production in Architecture and Urbanism\" \/>\n<meta property=\"article:modified_time\" content=\"2023-02-26T14:01:16+00:00\" \/>\n<meta name=\"twitter:card\" content=\"summary_large_image\" \/>\n<script type=\"application\/ld+json\" class=\"yoast-schema-graph\">{\"@context\":\"https:\/\/schema.org\",\"@graph\":[{\"@type\":\"WebPage\",\"@id\":\"https:\/\/www.arhns.uns.ac.rs\/digital\/sr\/predmeti\/napredne-bim-tehnologije\/\",\"url\":\"https:\/\/www.arhns.uns.ac.rs\/digital\/sr\/predmeti\/napredne-bim-tehnologije\/\",\"name\":\"Napredne BIM tehnologije - Digital Techniques, Design and Production in Architecture and Urbanism\",\"isPartOf\":{\"@id\":\"http:\/\/www.arhns.uns.ac.rs\/digital\/#website\"},\"datePublished\":\"2023-02-26T14:00:32+00:00\",\"dateModified\":\"2023-02-26T14:01:16+00:00\",\"breadcrumb\":{\"@id\":\"https:\/\/www.arhns.uns.ac.rs\/digital\/sr\/predmeti\/napredne-bim-tehnologije\/#breadcrumb\"},\"inLanguage\":\"en-US\",\"potentialAction\":[{\"@type\":\"ReadAction\",\"target\":[\"https:\/\/www.arhns.uns.ac.rs\/digital\/sr\/predmeti\/napredne-bim-tehnologije\/\"]}]},{\"@type\":\"BreadcrumbList\",\"@id\":\"https:\/\/www.arhns.uns.ac.rs\/digital\/sr\/predmeti\/napredne-bim-tehnologije\/#breadcrumb\",\"itemListElement\":[{\"@type\":\"ListItem\",\"position\":1,\"name\":\"Home\",\"item\":\"http:\/\/www.arhns.uns.ac.rs\/digital\/sr\/o-master-kursu\/\"},{\"@type\":\"ListItem\",\"position\":2,\"name\":\"Predmeti\",\"item\":\"https:\/\/www.arhns.uns.ac.rs\/digital\/sr\/predmeti\/\"},{\"@type\":\"ListItem\",\"position\":3,\"name\":\"Napredne BIM tehnologije\"}]},{\"@type\":\"WebSite\",\"@id\":\"http:\/\/www.arhns.uns.ac.rs\/digital\/#website\",\"url\":\"http:\/\/www.arhns.uns.ac.rs\/digital\/\",\"name\":\"Digital Techniques, Design and Production in Architecture and Urbanism\",\"description\":\"Department for Architecture and Urbanism | Departman za arhitekturu i urbanizam\",\"potentialAction\":[{\"@type\":\"SearchAction\",\"target\":{\"@type\":\"EntryPoint\",\"urlTemplate\":\"http:\/\/www.arhns.uns.ac.rs\/digital\/?s={search_term_string}\"},\"query-input\":{\"@type\":\"PropertyValueSpecification\",\"valueRequired\":true,\"valueName\":\"search_term_string\"}}],\"inLanguage\":\"en-US\"}]}<\/script>\n<!-- \/ Yoast SEO plugin. -->","yoast_head_json":{"title":"Napredne BIM tehnologije - Digital Techniques, Design and Production in Architecture and Urbanism","robots":{"index":"index","follow":"follow","max-snippet":"max-snippet:-1","max-image-preview":"max-image-preview:large","max-video-preview":"max-video-preview:-1"},"canonical":"https:\/\/www.arhns.uns.ac.rs\/digital\/sr\/predmeti\/napredne-bim-tehnologije\/","og_locale":"en_US","og_type":"article","og_title":"Napredne BIM tehnologije - Digital Techniques, Design and Production in Architecture and Urbanism","og_description":"Predmet Napredne\u00a0BIM\u00a0tehnologije bavi se teorijskim izu\u010davanjem i prakti\u010dnim kori\u0161\u0107enjem\u00a0BIM\u00a0tehnologije u savremenoj arhitektonskoj praksi. Na predmetu se rade alati kao \u0161to su Autodesk Revit u kontekstu pripreme radova za napredne analize i plug-inovi Dynamo i Grasshopper u vidu kontrole parametara informacija.","og_url":"https:\/\/www.arhns.uns.ac.rs\/digital\/sr\/predmeti\/napredne-bim-tehnologije\/","og_site_name":"Digital Techniques, Design and Production in Architecture and Urbanism","article_modified_time":"2023-02-26T14:01:16+00:00","twitter_card":"summary_large_image","schema":{"@context":"https:\/\/schema.org","@graph":[{"@type":"WebPage","@id":"https:\/\/www.arhns.uns.ac.rs\/digital\/sr\/predmeti\/napredne-bim-tehnologije\/","url":"https:\/\/www.arhns.uns.ac.rs\/digital\/sr\/predmeti\/napredne-bim-tehnologije\/","name":"Napredne BIM tehnologije - Digital Techniques, Design and Production in Architecture and Urbanism","isPartOf":{"@id":"http:\/\/www.arhns.uns.ac.rs\/digital\/#website"},"datePublished":"2023-02-26T14:00:32+00:00","dateModified":"2023-02-26T14:01:16+00:00","breadcrumb":{"@id":"https:\/\/www.arhns.uns.ac.rs\/digital\/sr\/predmeti\/napredne-bim-tehnologije\/#breadcrumb"},"inLanguage":"en-US","potentialAction":[{"@type":"ReadAction","target":["https:\/\/www.arhns.uns.ac.rs\/digital\/sr\/predmeti\/napredne-bim-tehnologije\/"]}]},{"@type":"BreadcrumbList","@id":"https:\/\/www.arhns.uns.ac.rs\/digital\/sr\/predmeti\/napredne-bim-tehnologije\/#breadcrumb","itemListElement":[{"@type":"ListItem","position":1,"name":"Home","item":"http:\/\/www.arhns.uns.ac.rs\/digital\/sr\/o-master-kursu\/"},{"@type":"ListItem","position":2,"name":"Predmeti","item":"https:\/\/www.arhns.uns.ac.rs\/digital\/sr\/predmeti\/"},{"@type":"ListItem","position":3,"name":"Napredne BIM tehnologije"}]},{"@type":"WebSite","@id":"http:\/\/www.arhns.uns.ac.rs\/digital\/#website","url":"http:\/\/www.arhns.uns.ac.rs\/digital\/","name":"Digital Techniques, Design and Production in Architecture and Urbanism","description":"Department for Architecture and Urbanism | Departman za arhitekturu i urbanizam","potentialAction":[{"@type":"SearchAction","target":{"@type":"EntryPoint","urlTemplate":"http:\/\/www.arhns.uns.ac.rs\/digital\/?s={search_term_string}"},"query-input":{"@type":"PropertyValueSpecification","valueRequired":true,"valueName":"search_term_string"}}],"inLanguage":"en-US"}]}},"_links":{"self":[{"href":"https:\/\/www.arhns.uns.ac.rs\/digital\/wp-json\/wp\/v2\/pages\/1857","targetHints":{"allow":["GET"]}}],"collection":[{"href":"https:\/\/www.arhns.uns.ac.rs\/digital\/wp-json\/wp\/v2\/pages"}],"about":[{"href":"https:\/\/www.arhns.uns.ac.rs\/digital\/wp-json\/wp\/v2\/types\/page"}],"author":[{"embeddable":true,"href":"https:\/\/www.arhns.uns.ac.rs\/digital\/wp-json\/wp\/v2\/users\/4"}],"replies":[{"embeddable":true,"href":"https:\/\/www.arhns.uns.ac.rs\/digital\/wp-json\/wp\/v2\/comments?post=1857"}],"version-history":[{"count":2,"href":"https:\/\/www.arhns.uns.ac.rs\/digital\/wp-json\/wp\/v2\/pages\/1857\/revisions"}],"predecessor-version":[{"id":1859,"href":"https:\/\/www.arhns.uns.ac.rs\/digital\/wp-json\/wp\/v2\/pages\/1857\/revisions\/1859"}],"up":[{"embeddable":true,"href":"https:\/\/www.arhns.uns.ac.rs\/digital\/wp-json\/wp\/v2\/pages\/379"}],"wp:attachment":[{"href":"https:\/\/www.arhns.uns.ac.rs\/digital\/wp-json\/wp\/v2\/media?parent=1857"}],"curies":[{"name":"wp","href":"https:\/\/api.w.org\/{rel}","templated":true}]}}