{"id":1840,"date":"2023-02-26T14:05:08","date_gmt":"2023-02-26T13:05:08","guid":{"rendered":"http:\/\/www.arhns.uns.ac.rs\/digital\/?page_id=1840"},"modified":"2023-02-26T14:05:08","modified_gmt":"2023-02-26T13:05:08","slug":"dinamicke-analize-i-simulacije-u-arhitekturi-i-urbanizmu","status":"publish","type":"page","link":"https:\/\/www.arhns.uns.ac.rs\/digital\/predmeti\/dinamicke-analize-i-simulacije-u-arhitekturi-i-urbanizmu\/","title":{"rendered":"Dinami\u010dke analize i simulacije u arhitekturi i urbanizmu"},"content":{"rendered":"<p>Predmet se bavi analizom i simulacijom performansi okru\u017eenja u arhitekturi i urbanizmu. Obuhva\u0107ene su simulacije insolacije, solarne radijacije, spolja\u0161njeg i unutra\u0161njeg termalnog komfora, CFD analize. Razli\u010dite vrste softvera kao \u0161to su Rhinoceros, Grasshopper,\u00a0 Ladybug, Honeybee i CDF simulation omogu\u0107avaju adekvatno merenje performansi okru\u017eenja. U interakciji sa parametarskim modelovanjem mogu da uka\u017eu na potencijalne probleme prilikom po\u010detne faze projektovanja arhitektonskog objekta ili dizajna urbane sredine. Shodno tome, mogu\u0107e je uo\u010dene probleme re\u0161iti na po\u010detku ili u toku procesa planiranja i projektovanja i na taj na\u010din kreirati arhitektonske objekte i urbana podru\u010dja sa ugodnim prostorom za boravak ljudi.<\/p>\n","protected":false},"excerpt":{"rendered":"<p>Predmet se bavi analizom i simulacijom performansi okru\u017eenja u arhitekturi i urbanizmu. Obuhva\u0107ene su simulacije insolacije, solarne radijacije, spolja\u0161njeg i unutra\u0161njeg termalnog komfora, CFD analize. Razli\u010dite vrste softvera kao \u0161to su Rhinoceros, Grasshopper,\u00a0 Ladybug, Honeybee i CDF simulation omogu\u0107avaju adekvatno<\/p>\n","protected":false},"author":4,"featured_media":0,"parent":379,"menu_order":0,"comment_status":"closed","ping_status":"closed","template":"","meta":{"footnotes":""},"class_list":["post-1840","page","type-page","status-publish","hentry"],"yoast_head":"<!-- This site is optimized with the Yoast SEO plugin v24.7 - https:\/\/yoast.com\/wordpress\/plugins\/seo\/ -->\n<title>Dinami\u010dke analize i simulacije u arhitekturi i urbanizmu - Digital Techniques, Design and Production in Architecture and Urbanism<\/title>\n<meta name=\"robots\" content=\"index, follow, max-snippet:-1, max-image-preview:large, max-video-preview:-1\" \/>\n<link rel=\"canonical\" href=\"https:\/\/www.arhns.uns.ac.rs\/digital\/sr\/predmeti\/dinamicke-analize-i-simulacije-u-arhitekturi-i-urbanizmu\/\" \/>\n<meta property=\"og:locale\" content=\"en_US\" \/>\n<meta property=\"og:type\" content=\"article\" \/>\n<meta property=\"og:title\" content=\"Dinami\u010dke analize i simulacije u arhitekturi i urbanizmu - Digital Techniques, Design and Production in Architecture and Urbanism\" \/>\n<meta property=\"og:description\" content=\"Predmet se bavi analizom i simulacijom performansi okru\u017eenja u arhitekturi i urbanizmu. Obuhva\u0107ene su simulacije insolacije, solarne radijacije, spolja\u0161njeg i unutra\u0161njeg termalnog komfora, CFD analize. Razli\u010dite vrste softvera kao \u0161to su Rhinoceros, Grasshopper,\u00a0 Ladybug, Honeybee i CDF simulation omogu\u0107avaju adekvatno\" \/>\n<meta property=\"og:url\" content=\"https:\/\/www.arhns.uns.ac.rs\/digital\/sr\/predmeti\/dinamicke-analize-i-simulacije-u-arhitekturi-i-urbanizmu\/\" \/>\n<meta property=\"og:site_name\" content=\"Digital Techniques, Design and Production in Architecture and Urbanism\" \/>\n<meta name=\"twitter:card\" content=\"summary_large_image\" \/>\n<meta name=\"twitter:label1\" content=\"Est. reading time\" \/>\n\t<meta name=\"twitter:data1\" content=\"1 minute\" \/>\n<script type=\"application\/ld+json\" class=\"yoast-schema-graph\">{\"@context\":\"https:\/\/schema.org\",\"@graph\":[{\"@type\":\"WebPage\",\"@id\":\"https:\/\/www.arhns.uns.ac.rs\/digital\/sr\/predmeti\/dinamicke-analize-i-simulacije-u-arhitekturi-i-urbanizmu\/\",\"url\":\"https:\/\/www.arhns.uns.ac.rs\/digital\/sr\/predmeti\/dinamicke-analize-i-simulacije-u-arhitekturi-i-urbanizmu\/\",\"name\":\"Dinami\u010dke analize i simulacije u arhitekturi i urbanizmu - Digital Techniques, Design and Production in Architecture and Urbanism\",\"isPartOf\":{\"@id\":\"http:\/\/www.arhns.uns.ac.rs\/digital\/#website\"},\"datePublished\":\"2023-02-26T13:05:08+00:00\",\"breadcrumb\":{\"@id\":\"https:\/\/www.arhns.uns.ac.rs\/digital\/sr\/predmeti\/dinamicke-analize-i-simulacije-u-arhitekturi-i-urbanizmu\/#breadcrumb\"},\"inLanguage\":\"en-US\",\"potentialAction\":[{\"@type\":\"ReadAction\",\"target\":[\"https:\/\/www.arhns.uns.ac.rs\/digital\/sr\/predmeti\/dinamicke-analize-i-simulacije-u-arhitekturi-i-urbanizmu\/\"]}]},{\"@type\":\"BreadcrumbList\",\"@id\":\"https:\/\/www.arhns.uns.ac.rs\/digital\/sr\/predmeti\/dinamicke-analize-i-simulacije-u-arhitekturi-i-urbanizmu\/#breadcrumb\",\"itemListElement\":[{\"@type\":\"ListItem\",\"position\":1,\"name\":\"Home\",\"item\":\"http:\/\/www.arhns.uns.ac.rs\/digital\/sr\/o-master-kursu\/\"},{\"@type\":\"ListItem\",\"position\":2,\"name\":\"Predmeti\",\"item\":\"https:\/\/www.arhns.uns.ac.rs\/digital\/sr\/predmeti\/\"},{\"@type\":\"ListItem\",\"position\":3,\"name\":\"Dinami\u010dke analize i simulacije u arhitekturi i urbanizmu\"}]},{\"@type\":\"WebSite\",\"@id\":\"http:\/\/www.arhns.uns.ac.rs\/digital\/#website\",\"url\":\"http:\/\/www.arhns.uns.ac.rs\/digital\/\",\"name\":\"Digital Techniques, Design and Production in Architecture and Urbanism\",\"description\":\"Department for Architecture and Urbanism | Departman za arhitekturu i urbanizam\",\"potentialAction\":[{\"@type\":\"SearchAction\",\"target\":{\"@type\":\"EntryPoint\",\"urlTemplate\":\"http:\/\/www.arhns.uns.ac.rs\/digital\/?s={search_term_string}\"},\"query-input\":{\"@type\":\"PropertyValueSpecification\",\"valueRequired\":true,\"valueName\":\"search_term_string\"}}],\"inLanguage\":\"en-US\"}]}<\/script>\n<!-- \/ Yoast SEO plugin. -->","yoast_head_json":{"title":"Dinami\u010dke analize i simulacije u arhitekturi i urbanizmu - Digital Techniques, Design and Production in Architecture and Urbanism","robots":{"index":"index","follow":"follow","max-snippet":"max-snippet:-1","max-image-preview":"max-image-preview:large","max-video-preview":"max-video-preview:-1"},"canonical":"https:\/\/www.arhns.uns.ac.rs\/digital\/sr\/predmeti\/dinamicke-analize-i-simulacije-u-arhitekturi-i-urbanizmu\/","og_locale":"en_US","og_type":"article","og_title":"Dinami\u010dke analize i simulacije u arhitekturi i urbanizmu - Digital Techniques, Design and Production in Architecture and Urbanism","og_description":"Predmet se bavi analizom i simulacijom performansi okru\u017eenja u arhitekturi i urbanizmu. Obuhva\u0107ene su simulacije insolacije, solarne radijacije, spolja\u0161njeg i unutra\u0161njeg termalnog komfora, CFD analize. Razli\u010dite vrste softvera kao \u0161to su Rhinoceros, Grasshopper,\u00a0 Ladybug, Honeybee i CDF simulation omogu\u0107avaju adekvatno","og_url":"https:\/\/www.arhns.uns.ac.rs\/digital\/sr\/predmeti\/dinamicke-analize-i-simulacije-u-arhitekturi-i-urbanizmu\/","og_site_name":"Digital Techniques, Design and Production in Architecture and Urbanism","twitter_card":"summary_large_image","twitter_misc":{"Est. reading time":"1 minute"},"schema":{"@context":"https:\/\/schema.org","@graph":[{"@type":"WebPage","@id":"https:\/\/www.arhns.uns.ac.rs\/digital\/sr\/predmeti\/dinamicke-analize-i-simulacije-u-arhitekturi-i-urbanizmu\/","url":"https:\/\/www.arhns.uns.ac.rs\/digital\/sr\/predmeti\/dinamicke-analize-i-simulacije-u-arhitekturi-i-urbanizmu\/","name":"Dinami\u010dke analize i simulacije u arhitekturi i urbanizmu - Digital Techniques, Design and Production in Architecture and Urbanism","isPartOf":{"@id":"http:\/\/www.arhns.uns.ac.rs\/digital\/#website"},"datePublished":"2023-02-26T13:05:08+00:00","breadcrumb":{"@id":"https:\/\/www.arhns.uns.ac.rs\/digital\/sr\/predmeti\/dinamicke-analize-i-simulacije-u-arhitekturi-i-urbanizmu\/#breadcrumb"},"inLanguage":"en-US","potentialAction":[{"@type":"ReadAction","target":["https:\/\/www.arhns.uns.ac.rs\/digital\/sr\/predmeti\/dinamicke-analize-i-simulacije-u-arhitekturi-i-urbanizmu\/"]}]},{"@type":"BreadcrumbList","@id":"https:\/\/www.arhns.uns.ac.rs\/digital\/sr\/predmeti\/dinamicke-analize-i-simulacije-u-arhitekturi-i-urbanizmu\/#breadcrumb","itemListElement":[{"@type":"ListItem","position":1,"name":"Home","item":"http:\/\/www.arhns.uns.ac.rs\/digital\/sr\/o-master-kursu\/"},{"@type":"ListItem","position":2,"name":"Predmeti","item":"https:\/\/www.arhns.uns.ac.rs\/digital\/sr\/predmeti\/"},{"@type":"ListItem","position":3,"name":"Dinami\u010dke analize i simulacije u arhitekturi i urbanizmu"}]},{"@type":"WebSite","@id":"http:\/\/www.arhns.uns.ac.rs\/digital\/#website","url":"http:\/\/www.arhns.uns.ac.rs\/digital\/","name":"Digital Techniques, Design and Production in Architecture and Urbanism","description":"Department for Architecture and Urbanism | Departman za arhitekturu i urbanizam","potentialAction":[{"@type":"SearchAction","target":{"@type":"EntryPoint","urlTemplate":"http:\/\/www.arhns.uns.ac.rs\/digital\/?s={search_term_string}"},"query-input":{"@type":"PropertyValueSpecification","valueRequired":true,"valueName":"search_term_string"}}],"inLanguage":"en-US"}]}},"_links":{"self":[{"href":"https:\/\/www.arhns.uns.ac.rs\/digital\/wp-json\/wp\/v2\/pages\/1840","targetHints":{"allow":["GET"]}}],"collection":[{"href":"https:\/\/www.arhns.uns.ac.rs\/digital\/wp-json\/wp\/v2\/pages"}],"about":[{"href":"https:\/\/www.arhns.uns.ac.rs\/digital\/wp-json\/wp\/v2\/types\/page"}],"author":[{"embeddable":true,"href":"https:\/\/www.arhns.uns.ac.rs\/digital\/wp-json\/wp\/v2\/users\/4"}],"replies":[{"embeddable":true,"href":"https:\/\/www.arhns.uns.ac.rs\/digital\/wp-json\/wp\/v2\/comments?post=1840"}],"version-history":[{"count":1,"href":"https:\/\/www.arhns.uns.ac.rs\/digital\/wp-json\/wp\/v2\/pages\/1840\/revisions"}],"predecessor-version":[{"id":1841,"href":"https:\/\/www.arhns.uns.ac.rs\/digital\/wp-json\/wp\/v2\/pages\/1840\/revisions\/1841"}],"up":[{"embeddable":true,"href":"https:\/\/www.arhns.uns.ac.rs\/digital\/wp-json\/wp\/v2\/pages\/379"}],"wp:attachment":[{"href":"https:\/\/www.arhns.uns.ac.rs\/digital\/wp-json\/wp\/v2\/media?parent=1840"}],"curies":[{"name":"wp","href":"https:\/\/api.w.org\/{rel}","templated":true}]}}