{"id":1631,"date":"2018-10-21T15:14:51","date_gmt":"2018-10-21T15:14:51","guid":{"rendered":"http:\/\/www.arhns.uns.ac.rs\/digital\/?page_id=1631"},"modified":"2018-10-21T15:14:51","modified_gmt":"2018-10-21T15:14:51","slug":"how-do-we-represent-architectural-objects-on-researchers-night-2018","status":"publish","type":"page","link":"https:\/\/www.arhns.uns.ac.rs\/digital\/how-do-we-represent-architectural-objects-on-researchers-night-2018\/","title":{"rendered":"&#8220;How do we represent architectural objects&#8221; on Researchers night 2018"},"content":{"rendered":"<p>We\u00a0were at\u00a0the event\u00a0<a href=\"http:\/\/nocistrazivaca.rs\/sr\/novi-sad-2018\">Researchers night 2018<\/a>\u00a0this year\u00a0devoted to cultural heritage,\u00a0and we will presented different ways to approach of cultural heritage representations.\u00a0\u00a0VR tour through Novi Sad city center and scale model of the same area\u00a0were presented.<\/p>\n<p>Virtual Reality (VR) is a set of technologies that allows you to create visual, audio or touch content created independently of the physical environment, positioning the user within the virtual space. In this way, users become an integral part of the experience of the apparent reality offered by VR.<\/p>\n<p>Virtual reality technology, among other things, provides an innovative approach to the presentation of architectural objects to explore the environment in the third dimension. We\u00a0will present an interactive\u00a0tour of the part of the historic city center of Novi Sad\u00a0<span style=\"text-decoration: underline;\">c<\/span>reated by students of architecture and the\u00a0Digital Design Center at the Faculty of Technical Sciences, Novi Sad. The presentation\u00a0was shown using VR headset, which provides a realistic view and &#8220;virtual walk&#8221; through the\u00a0Dunavska and\u00a0Zmaj Jovina Street in Novi Sad.<br \/>\n<iframe loading=\"lazy\" src=\"https:\/\/player.vimeo.com\/video\/292102977\" width=\"640\" height=\"360\" frameborder=\"0\" allowfullscreen=\"allowfullscreen\"><\/iframe><\/p>\n<p><a href=\"https:\/\/vimeo.com\/292102977\">Digital Design Center na No\u0107i istra\u017eiva\u010da 2018<\/a>\u00a0from\u00a0<a href=\"https:\/\/vimeo.com\/user67439170\">Digital Design Center<\/a>\u00a0on\u00a0<a href=\"https:\/\/vimeo.com\">Vimeo<\/a>.<\/p>\n<p><a href=\"http:\/\/www.arhns.uns.ac.rs\/cdd\/wp-content\/uploads\/2018\/09\/kam-3-vs1.jpg\"><img loading=\"lazy\" decoding=\"async\" class=\"alignnone size-full wp-image-1710\" src=\"http:\/\/www.arhns.uns.ac.rs\/cdd\/wp-content\/uploads\/2018\/09\/kam-3-vs1.jpg\" alt=\"kam 3 vs1\" width=\"4432\" height=\"2500\" \/><\/a>\u00a0<a href=\"http:\/\/www.arhns.uns.ac.rs\/cdd\/wp-content\/uploads\/2018\/09\/kam-1.jpg\"><img loading=\"lazy\" decoding=\"async\" class=\"alignnone size-full wp-image-1712\" src=\"http:\/\/www.arhns.uns.ac.rs\/cdd\/wp-content\/uploads\/2018\/09\/kam-1.jpg\" alt=\"kam 1\" width=\"4432\" height=\"2500\" \/><\/a><\/p>\n<p>&nbsp;<\/p>\n<p>We also presented physical model of the same part of the Novi Sad.\u00a0This project\u00a0is also produced by students of Architecture, Faculty of Technical Sciences, Novi Sad.<\/p>\n<p>With these two projects, one physical and one virtually generated, we have shown how 3D space of an old part of the city can be represented and experienced.<\/p>\n<p><a href=\"http:\/\/www.arhns.uns.ac.rs\/cdd\/wp-content\/uploads\/2018\/09\/4321.jpg\"><img loading=\"lazy\" decoding=\"async\" class=\"alignnone size-full wp-image-1719\" src=\"http:\/\/www.arhns.uns.ac.rs\/cdd\/wp-content\/uploads\/2018\/09\/4321.jpg\" alt=\"4321\" width=\"1987\" height=\"3000\" \/><\/a>\u00a0<a href=\"http:\/\/www.arhns.uns.ac.rs\/cdd\/wp-content\/uploads\/2018\/09\/1423.jpg\"><img loading=\"lazy\" decoding=\"async\" class=\"alignnone size-full wp-image-1720\" src=\"http:\/\/www.arhns.uns.ac.rs\/cdd\/wp-content\/uploads\/2018\/09\/1423.jpg\" alt=\"1423\" width=\"3000\" height=\"1990\" \/><\/a>\u00a0<a href=\"http:\/\/www.arhns.uns.ac.rs\/cdd\/wp-content\/uploads\/2018\/09\/12134.jpg\"><img loading=\"lazy\" decoding=\"async\" class=\"alignnone size-full wp-image-1721\" src=\"http:\/\/www.arhns.uns.ac.rs\/cdd\/wp-content\/uploads\/2018\/09\/12134.jpg\" alt=\"12134\" width=\"3000\" height=\"1988\" \/><\/a>\u00a0<a href=\"http:\/\/www.arhns.uns.ac.rs\/cdd\/wp-content\/uploads\/2018\/09\/3211.jpg\"><img loading=\"lazy\" decoding=\"async\" class=\"alignnone size-full wp-image-1722\" src=\"http:\/\/www.arhns.uns.ac.rs\/cdd\/wp-content\/uploads\/2018\/09\/3211.jpg\" alt=\"3211\" width=\"3000\" height=\"1988\" \/><\/a><\/p>\n","protected":false},"excerpt":{"rendered":"<p>We\u00a0were at\u00a0the event\u00a0Researchers night 2018\u00a0this year\u00a0devoted to cultural heritage,\u00a0and we will presented different ways to approach of cultural heritage representations.\u00a0\u00a0VR tour through Novi Sad city center and scale model of the same area\u00a0were presented. Virtual Reality (VR) is a set<\/p>\n","protected":false},"author":4,"featured_media":1632,"parent":0,"menu_order":0,"comment_status":"closed","ping_status":"closed","template":"","meta":{"footnotes":""},"class_list":["post-1631","page","type-page","status-publish","has-post-thumbnail","hentry"],"yoast_head":"<!-- This site is optimized with the Yoast SEO plugin v24.7 - https:\/\/yoast.com\/wordpress\/plugins\/seo\/ -->\n<title>&quot;How do we represent architectural objects&quot; on Researchers night 2018 - Digital Techniques, Design and Production in Architecture and Urbanism<\/title>\n<meta name=\"robots\" content=\"index, follow, max-snippet:-1, max-image-preview:large, max-video-preview:-1\" \/>\n<link rel=\"canonical\" href=\"https:\/\/www.arhns.uns.ac.rs\/digital\/how-do-we-represent-architectural-objects-on-researchers-night-2018\/\" \/>\n<meta property=\"og:locale\" content=\"en_US\" \/>\n<meta property=\"og:type\" content=\"article\" \/>\n<meta property=\"og:title\" content=\"&quot;How do we represent architectural objects&quot; on Researchers night 2018 - Digital Techniques, Design and Production in Architecture and Urbanism\" \/>\n<meta property=\"og:description\" content=\"We\u00a0were at\u00a0the event\u00a0Researchers night 2018\u00a0this year\u00a0devoted to cultural heritage,\u00a0and we will presented different ways to approach of cultural heritage representations.\u00a0\u00a0VR tour through Novi Sad city center and scale model of the same area\u00a0were presented. Virtual Reality (VR) is a set\" \/>\n<meta property=\"og:url\" content=\"https:\/\/www.arhns.uns.ac.rs\/digital\/how-do-we-represent-architectural-objects-on-researchers-night-2018\/\" \/>\n<meta property=\"og:site_name\" content=\"Digital Techniques, Design and Production in Architecture and Urbanism\" \/>\n<meta property=\"og:image\" content=\"https:\/\/www.arhns.uns.ac.rs\/digital\/wp-content\/uploads\/2018\/10\/kam-1-2024x1142.jpg\" \/>\n\t<meta property=\"og:image:width\" content=\"2024\" \/>\n\t<meta property=\"og:image:height\" content=\"1142\" \/>\n\t<meta property=\"og:image:type\" content=\"image\/jpeg\" \/>\n<meta name=\"twitter:card\" content=\"summary_large_image\" \/>\n<meta name=\"twitter:label1\" content=\"Est. reading time\" \/>\n\t<meta name=\"twitter:data1\" content=\"1 minute\" \/>\n<script type=\"application\/ld+json\" class=\"yoast-schema-graph\">{\"@context\":\"https:\/\/schema.org\",\"@graph\":[{\"@type\":\"WebPage\",\"@id\":\"https:\/\/www.arhns.uns.ac.rs\/digital\/how-do-we-represent-architectural-objects-on-researchers-night-2018\/\",\"url\":\"https:\/\/www.arhns.uns.ac.rs\/digital\/how-do-we-represent-architectural-objects-on-researchers-night-2018\/\",\"name\":\"\\\"How do we represent architectural objects\\\" on Researchers night 2018 - Digital Techniques, Design and Production in Architecture and Urbanism\",\"isPartOf\":{\"@id\":\"http:\/\/www.arhns.uns.ac.rs\/digital\/#website\"},\"primaryImageOfPage\":{\"@id\":\"https:\/\/www.arhns.uns.ac.rs\/digital\/how-do-we-represent-architectural-objects-on-researchers-night-2018\/#primaryimage\"},\"image\":{\"@id\":\"https:\/\/www.arhns.uns.ac.rs\/digital\/how-do-we-represent-architectural-objects-on-researchers-night-2018\/#primaryimage\"},\"thumbnailUrl\":\"https:\/\/www.arhns.uns.ac.rs\/digital\/wp-content\/uploads\/2018\/10\/kam-1.jpg\",\"datePublished\":\"2018-10-21T15:14:51+00:00\",\"breadcrumb\":{\"@id\":\"https:\/\/www.arhns.uns.ac.rs\/digital\/how-do-we-represent-architectural-objects-on-researchers-night-2018\/#breadcrumb\"},\"inLanguage\":\"en-US\",\"potentialAction\":[{\"@type\":\"ReadAction\",\"target\":[\"https:\/\/www.arhns.uns.ac.rs\/digital\/how-do-we-represent-architectural-objects-on-researchers-night-2018\/\"]}]},{\"@type\":\"ImageObject\",\"inLanguage\":\"en-US\",\"@id\":\"https:\/\/www.arhns.uns.ac.rs\/digital\/how-do-we-represent-architectural-objects-on-researchers-night-2018\/#primaryimage\",\"url\":\"https:\/\/www.arhns.uns.ac.rs\/digital\/wp-content\/uploads\/2018\/10\/kam-1.jpg\",\"contentUrl\":\"https:\/\/www.arhns.uns.ac.rs\/digital\/wp-content\/uploads\/2018\/10\/kam-1.jpg\",\"width\":4432,\"height\":2500},{\"@type\":\"BreadcrumbList\",\"@id\":\"https:\/\/www.arhns.uns.ac.rs\/digital\/how-do-we-represent-architectural-objects-on-researchers-night-2018\/#breadcrumb\",\"itemListElement\":[{\"@type\":\"ListItem\",\"position\":1,\"name\":\"Home\",\"item\":\"http:\/\/www.arhns.uns.ac.rs\/digital\/sr\/o-master-kursu\/\"},{\"@type\":\"ListItem\",\"position\":2,\"name\":\"&#8220;How do we represent architectural objects&#8221; on Researchers night 2018\"}]},{\"@type\":\"WebSite\",\"@id\":\"http:\/\/www.arhns.uns.ac.rs\/digital\/#website\",\"url\":\"http:\/\/www.arhns.uns.ac.rs\/digital\/\",\"name\":\"Digital Techniques, Design and Production in Architecture and Urbanism\",\"description\":\"Department for Architecture and Urbanism | Departman za arhitekturu i urbanizam\",\"potentialAction\":[{\"@type\":\"SearchAction\",\"target\":{\"@type\":\"EntryPoint\",\"urlTemplate\":\"http:\/\/www.arhns.uns.ac.rs\/digital\/?s={search_term_string}\"},\"query-input\":{\"@type\":\"PropertyValueSpecification\",\"valueRequired\":true,\"valueName\":\"search_term_string\"}}],\"inLanguage\":\"en-US\"}]}<\/script>\n<!-- \/ Yoast SEO plugin. -->","yoast_head_json":{"title":"\"How do we represent architectural objects\" on Researchers night 2018 - Digital Techniques, Design and Production in Architecture and Urbanism","robots":{"index":"index","follow":"follow","max-snippet":"max-snippet:-1","max-image-preview":"max-image-preview:large","max-video-preview":"max-video-preview:-1"},"canonical":"https:\/\/www.arhns.uns.ac.rs\/digital\/how-do-we-represent-architectural-objects-on-researchers-night-2018\/","og_locale":"en_US","og_type":"article","og_title":"\"How do we represent architectural objects\" on Researchers night 2018 - Digital Techniques, Design and Production in Architecture and Urbanism","og_description":"We\u00a0were at\u00a0the event\u00a0Researchers night 2018\u00a0this year\u00a0devoted to cultural heritage,\u00a0and we will presented different ways to approach of cultural heritage representations.\u00a0\u00a0VR tour through Novi Sad city center and scale model of the same area\u00a0were presented. Virtual Reality (VR) is a set","og_url":"https:\/\/www.arhns.uns.ac.rs\/digital\/how-do-we-represent-architectural-objects-on-researchers-night-2018\/","og_site_name":"Digital Techniques, Design and Production in Architecture and Urbanism","og_image":[{"width":2024,"height":1142,"url":"https:\/\/www.arhns.uns.ac.rs\/digital\/wp-content\/uploads\/2018\/10\/kam-1-2024x1142.jpg","type":"image\/jpeg"}],"twitter_card":"summary_large_image","twitter_misc":{"Est. reading time":"1 minute"},"schema":{"@context":"https:\/\/schema.org","@graph":[{"@type":"WebPage","@id":"https:\/\/www.arhns.uns.ac.rs\/digital\/how-do-we-represent-architectural-objects-on-researchers-night-2018\/","url":"https:\/\/www.arhns.uns.ac.rs\/digital\/how-do-we-represent-architectural-objects-on-researchers-night-2018\/","name":"\"How do we represent architectural objects\" on Researchers night 2018 - Digital Techniques, Design and Production in Architecture and Urbanism","isPartOf":{"@id":"http:\/\/www.arhns.uns.ac.rs\/digital\/#website"},"primaryImageOfPage":{"@id":"https:\/\/www.arhns.uns.ac.rs\/digital\/how-do-we-represent-architectural-objects-on-researchers-night-2018\/#primaryimage"},"image":{"@id":"https:\/\/www.arhns.uns.ac.rs\/digital\/how-do-we-represent-architectural-objects-on-researchers-night-2018\/#primaryimage"},"thumbnailUrl":"https:\/\/www.arhns.uns.ac.rs\/digital\/wp-content\/uploads\/2018\/10\/kam-1.jpg","datePublished":"2018-10-21T15:14:51+00:00","breadcrumb":{"@id":"https:\/\/www.arhns.uns.ac.rs\/digital\/how-do-we-represent-architectural-objects-on-researchers-night-2018\/#breadcrumb"},"inLanguage":"en-US","potentialAction":[{"@type":"ReadAction","target":["https:\/\/www.arhns.uns.ac.rs\/digital\/how-do-we-represent-architectural-objects-on-researchers-night-2018\/"]}]},{"@type":"ImageObject","inLanguage":"en-US","@id":"https:\/\/www.arhns.uns.ac.rs\/digital\/how-do-we-represent-architectural-objects-on-researchers-night-2018\/#primaryimage","url":"https:\/\/www.arhns.uns.ac.rs\/digital\/wp-content\/uploads\/2018\/10\/kam-1.jpg","contentUrl":"https:\/\/www.arhns.uns.ac.rs\/digital\/wp-content\/uploads\/2018\/10\/kam-1.jpg","width":4432,"height":2500},{"@type":"BreadcrumbList","@id":"https:\/\/www.arhns.uns.ac.rs\/digital\/how-do-we-represent-architectural-objects-on-researchers-night-2018\/#breadcrumb","itemListElement":[{"@type":"ListItem","position":1,"name":"Home","item":"http:\/\/www.arhns.uns.ac.rs\/digital\/sr\/o-master-kursu\/"},{"@type":"ListItem","position":2,"name":"&#8220;How do we represent architectural objects&#8221; on Researchers night 2018"}]},{"@type":"WebSite","@id":"http:\/\/www.arhns.uns.ac.rs\/digital\/#website","url":"http:\/\/www.arhns.uns.ac.rs\/digital\/","name":"Digital Techniques, Design and Production in Architecture and Urbanism","description":"Department for Architecture and Urbanism | Departman za arhitekturu i urbanizam","potentialAction":[{"@type":"SearchAction","target":{"@type":"EntryPoint","urlTemplate":"http:\/\/www.arhns.uns.ac.rs\/digital\/?s={search_term_string}"},"query-input":{"@type":"PropertyValueSpecification","valueRequired":true,"valueName":"search_term_string"}}],"inLanguage":"en-US"}]}},"_links":{"self":[{"href":"https:\/\/www.arhns.uns.ac.rs\/digital\/wp-json\/wp\/v2\/pages\/1631","targetHints":{"allow":["GET"]}}],"collection":[{"href":"https:\/\/www.arhns.uns.ac.rs\/digital\/wp-json\/wp\/v2\/pages"}],"about":[{"href":"https:\/\/www.arhns.uns.ac.rs\/digital\/wp-json\/wp\/v2\/types\/page"}],"author":[{"embeddable":true,"href":"https:\/\/www.arhns.uns.ac.rs\/digital\/wp-json\/wp\/v2\/users\/4"}],"replies":[{"embeddable":true,"href":"https:\/\/www.arhns.uns.ac.rs\/digital\/wp-json\/wp\/v2\/comments?post=1631"}],"version-history":[{"count":1,"href":"https:\/\/www.arhns.uns.ac.rs\/digital\/wp-json\/wp\/v2\/pages\/1631\/revisions"}],"predecessor-version":[{"id":1633,"href":"https:\/\/www.arhns.uns.ac.rs\/digital\/wp-json\/wp\/v2\/pages\/1631\/revisions\/1633"}],"wp:featuredmedia":[{"embeddable":true,"href":"https:\/\/www.arhns.uns.ac.rs\/digital\/wp-json\/wp\/v2\/media\/1632"}],"wp:attachment":[{"href":"https:\/\/www.arhns.uns.ac.rs\/digital\/wp-json\/wp\/v2\/media?parent=1631"}],"curies":[{"name":"wp","href":"https:\/\/api.w.org\/{rel}","templated":true}]}}