{"id":1524,"date":"2018-03-23T10:06:53","date_gmt":"2018-03-23T10:06:53","guid":{"rendered":"http:\/\/www.arhns.uns.ac.rs\/digital\/?page_id=1524"},"modified":"2018-03-23T10:30:10","modified_gmt":"2018-03-23T10:30:10","slug":"phd-pozicije-na-tongji-univerzitetu","status":"publish","type":"page","link":"https:\/\/www.arhns.uns.ac.rs\/digital\/phd-pozicije-na-tongji-univerzitetu\/","title":{"rendered":"PhD pozicije na Tongji univerzitetu"},"content":{"rendered":"<p>Otvaraju se nove doktorske pozicije na Tongji univerzitetu, za studiranje na daljinu. Neki od predava\u010da su:\u00a0Achim Menges, Roland Snooks, Philippe Block, Patrik Schumacher, Neil Leach, Jenny Sabin, Behnaz Farahi, Matias del Campo, Sandra Manninger, Kostas Terzidis\u00a0i Philip Yuan.<\/p>\n<p>Vi\u0161e informacija mo\u017eete prona\u0107i <a href=\"http:\/\/digitalfutures.tongji.edu.cn\/\">ovde<\/a>.<\/p>\n","protected":false},"excerpt":{"rendered":"<p>Otvaraju se nove doktorske pozicije na Tongji univerzitetu, za studiranje na daljinu. Neki od predava\u010da su:\u00a0Achim Menges, Roland Snooks, Philippe Block, Patrik Schumacher, Neil Leach, Jenny Sabin, Behnaz Farahi, Matias del Campo, Sandra Manninger, Kostas Terzidis\u00a0i Philip Yuan. Vi\u0161e informacija<\/p>\n","protected":false},"author":4,"featured_media":1536,"parent":0,"menu_order":0,"comment_status":"closed","ping_status":"closed","template":"","meta":{"footnotes":""},"class_list":["post-1524","page","type-page","status-publish","has-post-thumbnail","hentry"],"yoast_head":"<!-- This site is optimized with the Yoast SEO plugin v24.7 - https:\/\/yoast.com\/wordpress\/plugins\/seo\/ -->\n<title>PhD pozicije na Tongji univerzitetu - Digital Techniques, Design and Production in Architecture and Urbanism<\/title>\n<meta name=\"robots\" content=\"index, follow, max-snippet:-1, max-image-preview:large, max-video-preview:-1\" \/>\n<link rel=\"canonical\" href=\"https:\/\/www.arhns.uns.ac.rs\/digital\/sr\/phd-pozicije-na-tongji-univerzitetu\/\" \/>\n<meta property=\"og:locale\" content=\"en_US\" \/>\n<meta property=\"og:type\" content=\"article\" \/>\n<meta property=\"og:title\" content=\"PhD pozicije na Tongji univerzitetu - Digital Techniques, Design and Production in Architecture and Urbanism\" \/>\n<meta property=\"og:description\" content=\"Otvaraju se nove doktorske pozicije na Tongji univerzitetu, za studiranje na daljinu. Neki od predava\u010da su:\u00a0Achim Menges, Roland Snooks, Philippe Block, Patrik Schumacher, Neil Leach, Jenny Sabin, Behnaz Farahi, Matias del Campo, Sandra Manninger, Kostas Terzidis\u00a0i Philip Yuan. Vi\u0161e informacija\" \/>\n<meta property=\"og:url\" content=\"https:\/\/www.arhns.uns.ac.rs\/digital\/sr\/phd-pozicije-na-tongji-univerzitetu\/\" \/>\n<meta property=\"og:site_name\" content=\"Digital Techniques, Design and Production in Architecture and Urbanism\" \/>\n<meta property=\"article:modified_time\" content=\"2018-03-23T10:30:10+00:00\" \/>\n<meta property=\"og:image\" content=\"https:\/\/www.arhns.uns.ac.rs\/digital\/wp-content\/uploads\/2018\/03\/logo.jpg\" \/>\n\t<meta property=\"og:image:width\" content=\"909\" \/>\n\t<meta property=\"og:image:height\" content=\"546\" \/>\n\t<meta property=\"og:image:type\" content=\"image\/jpeg\" \/>\n<meta name=\"twitter:card\" content=\"summary_large_image\" \/>\n<script type=\"application\/ld+json\" class=\"yoast-schema-graph\">{\"@context\":\"https:\/\/schema.org\",\"@graph\":[{\"@type\":\"WebPage\",\"@id\":\"https:\/\/www.arhns.uns.ac.rs\/digital\/sr\/phd-pozicije-na-tongji-univerzitetu\/\",\"url\":\"https:\/\/www.arhns.uns.ac.rs\/digital\/sr\/phd-pozicije-na-tongji-univerzitetu\/\",\"name\":\"PhD pozicije na Tongji univerzitetu - Digital Techniques, Design and Production in Architecture and Urbanism\",\"isPartOf\":{\"@id\":\"http:\/\/www.arhns.uns.ac.rs\/digital\/#website\"},\"primaryImageOfPage\":{\"@id\":\"https:\/\/www.arhns.uns.ac.rs\/digital\/sr\/phd-pozicije-na-tongji-univerzitetu\/#primaryimage\"},\"image\":{\"@id\":\"https:\/\/www.arhns.uns.ac.rs\/digital\/sr\/phd-pozicije-na-tongji-univerzitetu\/#primaryimage\"},\"thumbnailUrl\":\"https:\/\/www.arhns.uns.ac.rs\/digital\/wp-content\/uploads\/2018\/03\/logo.jpg\",\"datePublished\":\"2018-03-23T10:06:53+00:00\",\"dateModified\":\"2018-03-23T10:30:10+00:00\",\"breadcrumb\":{\"@id\":\"https:\/\/www.arhns.uns.ac.rs\/digital\/sr\/phd-pozicije-na-tongji-univerzitetu\/#breadcrumb\"},\"inLanguage\":\"en-US\",\"potentialAction\":[{\"@type\":\"ReadAction\",\"target\":[\"https:\/\/www.arhns.uns.ac.rs\/digital\/sr\/phd-pozicije-na-tongji-univerzitetu\/\"]}]},{\"@type\":\"ImageObject\",\"inLanguage\":\"en-US\",\"@id\":\"https:\/\/www.arhns.uns.ac.rs\/digital\/sr\/phd-pozicije-na-tongji-univerzitetu\/#primaryimage\",\"url\":\"https:\/\/www.arhns.uns.ac.rs\/digital\/wp-content\/uploads\/2018\/03\/logo.jpg\",\"contentUrl\":\"https:\/\/www.arhns.uns.ac.rs\/digital\/wp-content\/uploads\/2018\/03\/logo.jpg\",\"width\":909,\"height\":546},{\"@type\":\"BreadcrumbList\",\"@id\":\"https:\/\/www.arhns.uns.ac.rs\/digital\/sr\/phd-pozicije-na-tongji-univerzitetu\/#breadcrumb\",\"itemListElement\":[{\"@type\":\"ListItem\",\"position\":1,\"name\":\"Home\",\"item\":\"http:\/\/www.arhns.uns.ac.rs\/digital\/sr\/o-master-kursu\/\"},{\"@type\":\"ListItem\",\"position\":2,\"name\":\"PhD pozicije na Tongji univerzitetu\"}]},{\"@type\":\"WebSite\",\"@id\":\"http:\/\/www.arhns.uns.ac.rs\/digital\/#website\",\"url\":\"http:\/\/www.arhns.uns.ac.rs\/digital\/\",\"name\":\"Digital Techniques, Design and Production in Architecture and Urbanism\",\"description\":\"Department for Architecture and Urbanism | Departman za arhitekturu i urbanizam\",\"potentialAction\":[{\"@type\":\"SearchAction\",\"target\":{\"@type\":\"EntryPoint\",\"urlTemplate\":\"http:\/\/www.arhns.uns.ac.rs\/digital\/?s={search_term_string}\"},\"query-input\":{\"@type\":\"PropertyValueSpecification\",\"valueRequired\":true,\"valueName\":\"search_term_string\"}}],\"inLanguage\":\"en-US\"}]}<\/script>\n<!-- \/ Yoast SEO plugin. -->","yoast_head_json":{"title":"PhD pozicije na Tongji univerzitetu - Digital Techniques, Design and Production in Architecture and Urbanism","robots":{"index":"index","follow":"follow","max-snippet":"max-snippet:-1","max-image-preview":"max-image-preview:large","max-video-preview":"max-video-preview:-1"},"canonical":"https:\/\/www.arhns.uns.ac.rs\/digital\/sr\/phd-pozicije-na-tongji-univerzitetu\/","og_locale":"en_US","og_type":"article","og_title":"PhD pozicije na Tongji univerzitetu - Digital Techniques, Design and Production in Architecture and Urbanism","og_description":"Otvaraju se nove doktorske pozicije na Tongji univerzitetu, za studiranje na daljinu. Neki od predava\u010da su:\u00a0Achim Menges, Roland Snooks, Philippe Block, Patrik Schumacher, Neil Leach, Jenny Sabin, Behnaz Farahi, Matias del Campo, Sandra Manninger, Kostas Terzidis\u00a0i Philip Yuan. Vi\u0161e informacija","og_url":"https:\/\/www.arhns.uns.ac.rs\/digital\/sr\/phd-pozicije-na-tongji-univerzitetu\/","og_site_name":"Digital Techniques, Design and Production in Architecture and Urbanism","article_modified_time":"2018-03-23T10:30:10+00:00","og_image":[{"width":909,"height":546,"url":"https:\/\/www.arhns.uns.ac.rs\/digital\/wp-content\/uploads\/2018\/03\/logo.jpg","type":"image\/jpeg"}],"twitter_card":"summary_large_image","schema":{"@context":"https:\/\/schema.org","@graph":[{"@type":"WebPage","@id":"https:\/\/www.arhns.uns.ac.rs\/digital\/sr\/phd-pozicije-na-tongji-univerzitetu\/","url":"https:\/\/www.arhns.uns.ac.rs\/digital\/sr\/phd-pozicije-na-tongji-univerzitetu\/","name":"PhD pozicije na Tongji univerzitetu - Digital Techniques, Design and Production in Architecture and Urbanism","isPartOf":{"@id":"http:\/\/www.arhns.uns.ac.rs\/digital\/#website"},"primaryImageOfPage":{"@id":"https:\/\/www.arhns.uns.ac.rs\/digital\/sr\/phd-pozicije-na-tongji-univerzitetu\/#primaryimage"},"image":{"@id":"https:\/\/www.arhns.uns.ac.rs\/digital\/sr\/phd-pozicije-na-tongji-univerzitetu\/#primaryimage"},"thumbnailUrl":"https:\/\/www.arhns.uns.ac.rs\/digital\/wp-content\/uploads\/2018\/03\/logo.jpg","datePublished":"2018-03-23T10:06:53+00:00","dateModified":"2018-03-23T10:30:10+00:00","breadcrumb":{"@id":"https:\/\/www.arhns.uns.ac.rs\/digital\/sr\/phd-pozicije-na-tongji-univerzitetu\/#breadcrumb"},"inLanguage":"en-US","potentialAction":[{"@type":"ReadAction","target":["https:\/\/www.arhns.uns.ac.rs\/digital\/sr\/phd-pozicije-na-tongji-univerzitetu\/"]}]},{"@type":"ImageObject","inLanguage":"en-US","@id":"https:\/\/www.arhns.uns.ac.rs\/digital\/sr\/phd-pozicije-na-tongji-univerzitetu\/#primaryimage","url":"https:\/\/www.arhns.uns.ac.rs\/digital\/wp-content\/uploads\/2018\/03\/logo.jpg","contentUrl":"https:\/\/www.arhns.uns.ac.rs\/digital\/wp-content\/uploads\/2018\/03\/logo.jpg","width":909,"height":546},{"@type":"BreadcrumbList","@id":"https:\/\/www.arhns.uns.ac.rs\/digital\/sr\/phd-pozicije-na-tongji-univerzitetu\/#breadcrumb","itemListElement":[{"@type":"ListItem","position":1,"name":"Home","item":"http:\/\/www.arhns.uns.ac.rs\/digital\/sr\/o-master-kursu\/"},{"@type":"ListItem","position":2,"name":"PhD pozicije na Tongji univerzitetu"}]},{"@type":"WebSite","@id":"http:\/\/www.arhns.uns.ac.rs\/digital\/#website","url":"http:\/\/www.arhns.uns.ac.rs\/digital\/","name":"Digital Techniques, Design and Production in Architecture and Urbanism","description":"Department for Architecture and Urbanism | Departman za arhitekturu i urbanizam","potentialAction":[{"@type":"SearchAction","target":{"@type":"EntryPoint","urlTemplate":"http:\/\/www.arhns.uns.ac.rs\/digital\/?s={search_term_string}"},"query-input":{"@type":"PropertyValueSpecification","valueRequired":true,"valueName":"search_term_string"}}],"inLanguage":"en-US"}]}},"_links":{"self":[{"href":"https:\/\/www.arhns.uns.ac.rs\/digital\/wp-json\/wp\/v2\/pages\/1524","targetHints":{"allow":["GET"]}}],"collection":[{"href":"https:\/\/www.arhns.uns.ac.rs\/digital\/wp-json\/wp\/v2\/pages"}],"about":[{"href":"https:\/\/www.arhns.uns.ac.rs\/digital\/wp-json\/wp\/v2\/types\/page"}],"author":[{"embeddable":true,"href":"https:\/\/www.arhns.uns.ac.rs\/digital\/wp-json\/wp\/v2\/users\/4"}],"replies":[{"embeddable":true,"href":"https:\/\/www.arhns.uns.ac.rs\/digital\/wp-json\/wp\/v2\/comments?post=1524"}],"version-history":[{"count":1,"href":"https:\/\/www.arhns.uns.ac.rs\/digital\/wp-json\/wp\/v2\/pages\/1524\/revisions"}],"predecessor-version":[{"id":1525,"href":"https:\/\/www.arhns.uns.ac.rs\/digital\/wp-json\/wp\/v2\/pages\/1524\/revisions\/1525"}],"wp:featuredmedia":[{"embeddable":true,"href":"https:\/\/www.arhns.uns.ac.rs\/digital\/wp-json\/wp\/v2\/media\/1536"}],"wp:attachment":[{"href":"https:\/\/www.arhns.uns.ac.rs\/digital\/wp-json\/wp\/v2\/media?parent=1524"}],"curies":[{"name":"wp","href":"https:\/\/api.w.org\/{rel}","templated":true}]}}